{"id":2042,"date":"2017-06-15T10:36:29","date_gmt":"2017-06-15T08:36:29","guid":{"rendered":"http:\/\/www.archifoto.org\/concours\/"},"modified":"2024-03-22T21:07:25","modified_gmt":"2024-03-22T20:07:25","slug":"wettbewerb","status":"publish","type":"page","link":"http:\/\/www.archifoto.org\/de\/wettbewerb\/","title":{"rendered":"Wettbewerb"},"content":{"rendered":"<h1>Die Bewerbungen<br \/>\nf\u00fcr die Ausgabe 2024 sind er\u00f6ffnet!<\/h1>\n<h3>Beantworten Sie das Thema <strong>\u201e<\/strong>Baustelle Architektur\u201c bis zum 31. Mai 2024<\/h3>\n<p><strong>Das Thema der diesj\u00e4hrigen Architekturtage und von Archifoto lautet Baustelle Architektur. Die Baustelle ist eine der Zeiten der Architektur und steht f\u00fcr Bewegung und sogar f\u00fcr Experimente. Sie kann auf der Ebene eines Geb\u00e4udes, aber auch auf der Ebene von St\u00e4dten betrachtet werden: Stadtprojekte, Wiederaufbau. Sie kann ein soziales Projekt verk\u00f6rpern, das Kollektiv heraufbeschw\u00f6ren und an die Unordnung grenzen. Das offene Feld ist weit. Das Wort hat viele Bedeutungen und erinnert an eine Bauphase, an einen Ort, an dem Material gelagert wird, an eine Arbeitsunterlage oder auch an das Unvollendete. Ausgehend von dem Postulat, dass die Architektur an sich eine Baustelle ist, ein st\u00e4ndiger Prozess, der eine unaufh\u00f6rliche Erneuerung der Praktiken, der Materialien und der Menschen mit sich bringt, l\u00e4dt dieses Thema zum Nachdenken ein: Wie sieht die Architektur von morgen aus? Was sind die gro\u00dfen Baustellen von heute?<\/strong><\/p>\n<p>Die Vereine das <strong>Europ\u00e4isches Architekturhaus \u2013 Oberrhein<\/strong> und<strong> La Chambre<\/strong> arbeiten zusammen um die Architekturfotografie aufzuwerten. Bei jeder zweiten Ausgabe des Festivals Die Architekturtage verkn\u00fcpfen sich die zwei Vereine, um ihrem Publikum etwas Neuartiges anbieten zu k\u00f6nnen: die Entdeckung der Architektur durch Bilder, die in einer einzigartigen Ausstellungen die Arbeit von Fotografenen aus Europa vorstellen.<\/p>\n<p>Im Jahre 2010, trafen die zwei Vereine die Entscheidung ihre Zusammenarbeit zu erweitern und gr\u00fcndeten Archifoto \u2013 international awards of architectural photography. Der Wettbewerb Archifoto verfolgt das Ziel sich als Referenzpreis zu etablieren und Fotografen auszuzeichnen, deren Arbeit den Blick auf\u00a0 Architektur, urbane Landschaft und die Welt sch\u00e4rft.<\/p>\n<p>Die kreative und dokumentarische Auswahl von Archifoto soll zu einem einzigartigen Korpus werden, der die Vielsichtigkeit und die Bedeutung der Architektur aus dem Blickwinkel der Bewohner und Nutzer wiederspiegelt.<\/p>\n<a class=\"wpspd-btn btn btn-default btn-md\" href=\"http:\/\/www.archifoto.org\/wp-content\/uploads\/2024\/03\/Appel-candidatures-Archifoto2024_FR-EN-DE_web.pdf\" title=\"Bewerbungsaufruf\" target=\"_blank\"><span><span>Bewerbungsaufruf<\/span><\/span><\/a><a class=\"wpspd-btn btn btn-default btn-md\" href=\"http:\/\/www.archifoto.org\/wp-content\/uploads\/2024\/03\/Reglement-2024-DE.pdf\" title=\"Laden Sie die Regeln herunter \" target=\"_blank\"><span><span>Laden Sie die Regeln herunter<\/span><\/span><\/a><a class=\"wpspd-btn btn btn-default btn-md\" href=\"http:\/\/www.archifoto.org\/de\/bewerben\/\" title=\"Sich bewerben\" target=\"\"><span><span> Sich bewerben <\/span><\/span><\/a>\n<h3>FAQ<\/h3>\n<p><strong>&#8211; Ich bin minderj\u00e4hrig, kann ich am Wettbewerb teilnehmen?<\/strong><br \/>\nNein, Minderj\u00e4hrige k\u00f6nnen nicht am Wettbewerb teilnehmen.<\/p>\n<p><strong>&#8211; Ich bin kein Angeh\u00f6riger der Europ\u00e4ischen Union, kann ich am Wettbewerb teilnehmen?<\/strong><br \/>\nZus\u00e4tzlich zu den Staatsangeh\u00f6rigen der 27 Mitgliedsstaaten der Europ\u00e4ischen Union akzeptiert Archifoto Bewerbungen aus den folgenden L\u00e4ndern: Norwegen, Lichtenstein, Schweiz, Albanien, Bosnien und Herzegowina, Kosovo, Montenegro, Nordmazedonien, Serbien, T\u00fcrkei, Armenien, Georgien, Ukraine, England, Schottland, Wales, Nordirland.<\/p>\n<p><strong>&#8211; Ich bin freiwilliger Helfer und\/oder Mitglied von das Europ\u00e4isches Architekturhaus \u2013 Oberrhein oder von La Chambre, kann ich am Wettbewerb teilnehmen?<br \/>\n<\/strong>Der Wettbewerb richtet sich an alle vollj\u00e4hrigen Personen (Amateure und Professionelle) ohne Staatsangeh\u00f6rigkeits- und Altersbegrenzung. Von der Teilnahme ausgeschlossen sind Personen, die eine juristische Beziehung zu den Veranstaltern oder zu deren Partnern unterhalten (st\u00e4ndige Mitarbeiter, Auftragsmitarbeiter, Familienangeh\u00f6rige). Bei Verdacht auf Missachtung dieser Klausel werden die betreffenden Teilnehmer sofort vom Wettbewerb ausgeschlossen.<\/p>\n<p><strong>&#8211; Ist die Anmeldung kostenpflichtig?<\/strong><br \/>\nJa, die Teilnahmegeb\u00fchr betr\u00e4gt 10 \u20ac (Bearbeitungskosten).<\/p>\n<p><strong>&#8211; Was sollen die Bewerbungsunterlagen enthalten?<br \/>\n<\/strong>Dieser Punkt ist in der Wettbewerbsvorschrift detailliert, die Sie auf der Webseite einsehen und herunterladen k\u00f6nnen<\/p>\n<p><strong>&#8211; Wie viele Fotos muss ich einsenden?<\/strong><br \/>\nSie m\u00fcssen 5 Fotos einsenden. Sie sollten darauf achten, dass diese in einem Zusammenhang stehen.<\/p>\n<p><strong>&#8211; Die Fotos m\u00fcssen das Jahresthema \u201eBaustelle Architektur\u201c wiederspiegeln. Aber wie soll man dieses interpretieren?<\/strong><br \/>\nDies ist genau das Interessante am ausgew\u00e4hlten Thema: die Veranstalter lassen den Teilnehmern die freie Sinngebung des Themas. Als Teilnehmer sollte man sich von seiner Empfindsamkeit, seinen Erfahrungen, seinen \u00dcberzeugungen usw. leiten.<br \/>\nDer Text den Sie zu den Fotos schreiben (obligatorisch und maximal 1000 Zeichen) wird Ihnen helfen Ihren Gedankengang vorzustellen. So wird es Ihnen m\u00f6glich sein mit W\u00f6rtern Ihre Fotos zu unterstreichen.<\/p>\n<p><strong>&#8211; Werden die Fotos ausgestellt? Wenn ja, wo?<\/strong><br \/>\nDie Jury w\u00e4hlt 5 Fotografen aus, deren Werke produziert werden (Medien und Formate, die zwischen den Organisatoren und dem Autor vereinbart werden).<br \/>\nDiese Auswahl wird in einer Ausstellung in La Chambre (Stra\u00dfburg) gezeigt, die im September 2024 w\u00e4hrend der Journ\u00e9es de l&#8217;Architecture er\u00f6ffnet wird. Die Daten und der Ort der Ausstellung werden von den Organisatoren zu einem sp\u00e4teren Zeitpunkt pr\u00e4zisiert.<\/p>\n<p><strong>&#8211; Welche finanziellen Bedingungen gelten f\u00fcr die Gewinner?<\/strong><br \/>\nDie Autoren der ausgew\u00e4hlten Fotografien verpflichten sich, La Chambre und der Europ\u00e4isches Architekturhhaus ihre Vervielf\u00e4ltigungs- und Darstellungsrechte, unter Ausschluss jeglicher kommerzieller Nutzung, f\u00fcr die folgenden Verwendungen zu \u00fcbertragen: Wanderausstellung der Werke, Kommunikation im Zusammenhang mit der F\u00f6rderung der Veranstaltung in den traditionellen und multimedialen Medien, eventuelle Herausgabe eines Katalogs, Versorgung und Nutzung einer fotografischen Sammlung. Die ausgew\u00e4hlten Fotografien bleiben Eigentum der Autoren. Sie werden mit einem Pauschalbetrag von 500 \u20ac (inkl. MwSt.) entsch\u00e4digt.<\/p>\n<p><strong>&#8211; Gibt es bestimmte Genehmigungen, um manche Geb\u00e4ude fotografieren zu d\u00fcrfen und die Fotos dann zu verbreiten?<\/strong><br \/>\nDas Foto eines Geb\u00e4udes sollte kein Problem sein. Jedoch gibt es manchmal Orte, wo aus Sicherheitsgr\u00fcnden nicht und \/ oder nur mit Schwierigkeiten fotografiert werden kann (U-Bahn, milit\u00e4rische Geb\u00e4ude\u2026). In solchen F\u00e4llen sollte eine Erlaubnis an den betroffenen Stellen beantragt werden. F\u00fcr andere Geb\u00e4ude, wenn ein Foto keinen Schaden dem Architekten und dem Bautr\u00e4ger zuf\u00fcgt, hat der Fotograf keine Pflichten. Es wird aber empfohlen mit den Besitzer Kontakt aufzunehmen, um die Vorgehensweise zu erkl\u00e4ren. Dieser kann Ihnen ebenfalls in Verbindung mit dem Architekten oder dem Bautr\u00e4ger schriftlich seine Erlaubnis geben.<\/p>\n<p><strong>&#8211; Wie werden die Mitglieder der Jury ausgesucht?<\/strong><br \/>\nDie Jury wird sich aus deutschen, schweizerischen und franz\u00f6sischen Pers\u00f6nlichkeiten (Organisatoren, politische Vertreter, \u00f6ffentliche und private Partner, Fotografen und Architekten) zusammensetzen.<\/p>\n<p><strong>&#8211; Neben dem Preisgeld von 2000 Euro und den f\u00fcnf Preistr\u00e4gern sprechen Sie von &#8220;Auswahlverfahren&#8221;, worum handelt es sich dabei?<\/strong><br \/>\nDie Jury kann 5 bis 10 Fotografen ausw\u00e4hlen, deren Bilder w\u00e4hrend der Ausstellungszeit durch eine Projektion (Diashow) pr\u00e4sentiert werden und auf der Archifoto-Website aufgewertet bleiben. Diese Bilder werden im Rahmen der Ausstellung ohne finanzielle Gegenleistung und mit Zustimmung der Autoren pr\u00e4sentiert.<\/p>\n<p><strong>&#8211; Wann werden die Ergebnisse mitgeteilt?<\/strong><br \/>\nNach dem Beschluss der Jury wird das Ergebnis den Teilnehmern im Laufe Mai 2024 ausschlie\u00dflich per E-Mail mitgeteilt.<\/p>\n<p><strong>&#8211; Wann wird es die Preisverleihung geben?<\/strong><br \/>\nDie Preisverleihung des 2000 \u20ac Preises und der Laureaten finden im September 2024 in LaChambre in Stra\u00dfburg im Rahmen der Vernissage der Ausstellung statt (Genauer Termin wird noch bekannt gegeben). Die Ausstellung wird im Rahmen der Architekturtage 2024 stattfinden(September-Oktober 2024).<\/p>\n","protected":false},"excerpt":{"rendered":"<p>Die Bewerbungen f\u00fcr die Ausgabe 2024 sind er\u00f6ffnet! Beantworten Sie das Thema \u201eBaustelle Architektur\u201c bis zum 31. Mai 2024 Das Thema der diesj\u00e4hrigen Architekturtage und von Archifoto lautet Baustelle Architektur. Die Baustelle ist eine der Zeiten der Architektur und steht f\u00fcr Bewegung und sogar f\u00fcr &hellip;<\/p>\n","protected":false},"author":1,"featured_media":0,"parent":0,"menu_order":0,"comment_status":"closed","ping_status":"closed","template":"","meta":{"footnotes":""},"class_list":["post-2042","page","type-page","status-publish","hentry"],"_links":{"self":[{"href":"http:\/\/www.archifoto.org\/de\/wp-json\/wp\/v2\/pages\/2042","targetHints":{"allow":["GET"]}}],"collection":[{"href":"http:\/\/www.archifoto.org\/de\/wp-json\/wp\/v2\/pages"}],"about":[{"href":"http:\/\/www.archifoto.org\/de\/wp-json\/wp\/v2\/types\/page"}],"author":[{"embeddable":true,"href":"http:\/\/www.archifoto.org\/de\/wp-json\/wp\/v2\/users\/1"}],"replies":[{"embeddable":true,"href":"http:\/\/www.archifoto.org\/de\/wp-json\/wp\/v2\/comments?post=2042"}],"version-history":[{"count":5,"href":"http:\/\/www.archifoto.org\/de\/wp-json\/wp\/v2\/pages\/2042\/revisions"}],"predecessor-version":[{"id":3120,"href":"http:\/\/www.archifoto.org\/de\/wp-json\/wp\/v2\/pages\/2042\/revisions\/3120"}],"wp:attachment":[{"href":"http:\/\/www.archifoto.org\/de\/wp-json\/wp\/v2\/media?parent=2042"}],"curies":[{"name":"wp","href":"https:\/\/api.w.org\/{rel}","templated":true}]}}

<h1>Die Bewerbungen<br />
für die Ausgabe 2024 sind eröffnet!</h1>
<h3>Beantworten Sie das Thema <strong>„</strong>Baustelle Architektur“ bis zum 31. Mai 2024</h3>
<p><strong>Das Thema der diesjährigen Architekturtage und von Archifoto lautet Baustelle Architektur. Die Baustelle ist eine der Zeiten der Architektur und steht für Bewegung und sogar für Experimente. Sie kann auf der Ebene eines Gebäudes, aber auch auf der Ebene von Städten betrachtet werden: Stadtprojekte, Wiederaufbau. Sie kann ein soziales Projekt verkörpern, das Kollektiv heraufbeschwören und an die Unordnung grenzen. Das offene Feld ist weit. Das Wort hat viele Bedeutungen und erinnert an eine Bauphase, an einen Ort, an dem Material gelagert wird, an eine Arbeitsunterlage oder auch an das Unvollendete. Ausgehend von dem Postulat, dass die Architektur an sich eine Baustelle ist, ein ständiger Prozess, der eine unaufhörliche Erneuerung der Praktiken, der Materialien und der Menschen mit sich bringt, lädt dieses Thema zum Nachdenken ein: Wie sieht die Architektur von morgen aus? Was sind die großen Baustellen von heute?</strong></p>
<p>Die Vereine das <strong>Europäisches Architekturhaus – Oberrhein</strong> und<strong> La Chambre</strong> arbeiten zusammen um die Architekturfotografie aufzuwerten. Bei jeder zweiten Ausgabe des Festivals Die Architekturtage verknüpfen sich die zwei Vereine, um ihrem Publikum etwas Neuartiges anbieten zu können: die Entdeckung der Architektur durch Bilder, die in einer einzigartigen Ausstellungen die Arbeit von Fotografenen aus Europa vorstellen.</p>
<p>Im Jahre 2010, trafen die zwei Vereine die Entscheidung ihre Zusammenarbeit zu erweitern und gründeten Archifoto – international awards of architectural photography. Der Wettbewerb Archifoto verfolgt das Ziel sich als Referenzpreis zu etablieren und Fotografen auszuzeichnen, deren Arbeit den Blick auf  Architektur, urbane Landschaft und die Welt schärft.</p>
<p>Die kreative und dokumentarische Auswahl von Archifoto soll zu einem einzigartigen Korpus werden, der die Vielsichtigkeit und die Bedeutung der Architektur aus dem Blickwinkel der Bewohner und Nutzer wiederspiegelt.</p>
<a class="wpspd-btn btn btn-default btn-md" href="http://www.archifoto.org/wp-content/uploads/2024/03/Appel-candidatures-Archifoto2024_FR-EN-DE_web.pdf" title="Bewerbungsaufruf" target="_blank"><span><span>Bewerbungsaufruf</span></span></a><a class="wpspd-btn btn btn-default btn-md" href="http://www.archifoto.org/wp-content/uploads/2024/03/Reglement-2024-DE.pdf" title="Laden Sie die Regeln herunter " target="_blank"><span><span>Laden Sie die Regeln herunter</span></span></a><a class="wpspd-btn btn btn-default btn-md" href="http://www.archifoto.org/de/bewerben/" title="Sich bewerben" target=""><span><span> Sich bewerben </span></span></a>
<h3>FAQ</h3>
<p><strong>&#8211; Ich bin minderjährig, kann ich am Wettbewerb teilnehmen?</strong><br />
Nein, Minderjährige können nicht am Wettbewerb teilnehmen.</p>
<p><strong>&#8211; Ich bin kein Angehöriger der Europäischen Union, kann ich am Wettbewerb teilnehmen?</strong><br />
Zusätzlich zu den Staatsangehörigen der 27 Mitgliedsstaaten der Europäischen Union akzeptiert Archifoto Bewerbungen aus den folgenden Ländern: Norwegen, Lichtenstein, Schweiz, Albanien, Bosnien und Herzegowina, Kosovo, Montenegro, Nordmazedonien, Serbien, Türkei, Armenien, Georgien, Ukraine, England, Schottland, Wales, Nordirland.</p>
<p><strong>&#8211; Ich bin freiwilliger Helfer und/oder Mitglied von das Europäisches Architekturhaus – Oberrhein oder von La Chambre, kann ich am Wettbewerb teilnehmen?<br />
</strong>Der Wettbewerb richtet sich an alle volljährigen Personen (Amateure und Professionelle) ohne Staatsangehörigkeits- und Altersbegrenzung. Von der Teilnahme ausgeschlossen sind Personen, die eine juristische Beziehung zu den Veranstaltern oder zu deren Partnern unterhalten (ständige Mitarbeiter, Auftragsmitarbeiter, Familienangehörige). Bei Verdacht auf Missachtung dieser Klausel werden die betreffenden Teilnehmer sofort vom Wettbewerb ausgeschlossen.</p>
<p><strong>&#8211; Ist die Anmeldung kostenpflichtig?</strong><br />
Ja, die Teilnahmegebühr beträgt 10 € (Bearbeitungskosten).</p>
<p><strong>&#8211; Was sollen die Bewerbungsunterlagen enthalten?<br />
</strong>Dieser Punkt ist in der Wettbewerbsvorschrift detailliert, die Sie auf der Webseite einsehen und herunterladen können</p>
<p><strong>&#8211; Wie viele Fotos muss ich einsenden?</strong><br />
Sie müssen 5 Fotos einsenden. Sie sollten darauf achten, dass diese in einem Zusammenhang stehen.</p>
<p><strong>&#8211; Die Fotos müssen das Jahresthema „Baustelle Architektur“ wiederspiegeln. Aber wie soll man dieses interpretieren?</strong><br />
Dies ist genau das Interessante am ausgewählten Thema: die Veranstalter lassen den Teilnehmern die freie Sinngebung des Themas. Als Teilnehmer sollte man sich von seiner Empfindsamkeit, seinen Erfahrungen, seinen Überzeugungen usw. leiten.<br />
Der Text den Sie zu den Fotos schreiben (obligatorisch und maximal 1000 Zeichen) wird Ihnen helfen Ihren Gedankengang vorzustellen. So wird es Ihnen möglich sein mit Wörtern Ihre Fotos zu unterstreichen.</p>
<p><strong>&#8211; Werden die Fotos ausgestellt? Wenn ja, wo?</strong><br />
Die Jury wählt 5 Fotografen aus, deren Werke produziert werden (Medien und Formate, die zwischen den Organisatoren und dem Autor vereinbart werden).<br />
Diese Auswahl wird in einer Ausstellung in La Chambre (Straßburg) gezeigt, die im September 2024 während der Journées de l&#8217;Architecture eröffnet wird. Die Daten und der Ort der Ausstellung werden von den Organisatoren zu einem späteren Zeitpunkt präzisiert.</p>
<p><strong>&#8211; Welche finanziellen Bedingungen gelten für die Gewinner?</strong><br />
Die Autoren der ausgewählten Fotografien verpflichten sich, La Chambre und der Europäisches Architekturhhaus ihre Vervielfältigungs- und Darstellungsrechte, unter Ausschluss jeglicher kommerzieller Nutzung, für die folgenden Verwendungen zu übertragen: Wanderausstellung der Werke, Kommunikation im Zusammenhang mit der Förderung der Veranstaltung in den traditionellen und multimedialen Medien, eventuelle Herausgabe eines Katalogs, Versorgung und Nutzung einer fotografischen Sammlung. Die ausgewählten Fotografien bleiben Eigentum der Autoren. Sie werden mit einem Pauschalbetrag von 500 € (inkl. MwSt.) entschädigt.</p>
<p><strong>&#8211; Gibt es bestimmte Genehmigungen, um manche Gebäude fotografieren zu dürfen und die Fotos dann zu verbreiten?</strong><br />
Das Foto eines Gebäudes sollte kein Problem sein. Jedoch gibt es manchmal Orte, wo aus Sicherheitsgründen nicht und / oder nur mit Schwierigkeiten fotografiert werden kann (U-Bahn, militärische Gebäude…). In solchen Fällen sollte eine Erlaubnis an den betroffenen Stellen beantragt werden. Für andere Gebäude, wenn ein Foto keinen Schaden dem Architekten und dem Bauträger zufügt, hat der Fotograf keine Pflichten. Es wird aber empfohlen mit den Besitzer Kontakt aufzunehmen, um die Vorgehensweise zu erklären. Dieser kann Ihnen ebenfalls in Verbindung mit dem Architekten oder dem Bauträger schriftlich seine Erlaubnis geben.</p>
<p><strong>&#8211; Wie werden die Mitglieder der Jury ausgesucht?</strong><br />
Die Jury wird sich aus deutschen, schweizerischen und französischen Persönlichkeiten (Organisatoren, politische Vertreter, öffentliche und private Partner, Fotografen und Architekten) zusammensetzen.</p>
<p><strong>&#8211; Neben dem Preisgeld von 2000 Euro und den fünf Preisträgern sprechen Sie von &#8220;Auswahlverfahren&#8221;, worum handelt es sich dabei?</strong><br />
Die Jury kann 5 bis 10 Fotografen auswählen, deren Bilder während der Ausstellungszeit durch eine Projektion (Diashow) präsentiert werden und auf der Archifoto-Website aufgewertet bleiben. Diese Bilder werden im Rahmen der Ausstellung ohne finanzielle Gegenleistung und mit Zustimmung der Autoren präsentiert.</p>
<p><strong>&#8211; Wann werden die Ergebnisse mitgeteilt?</strong><br />
Nach dem Beschluss der Jury wird das Ergebnis den Teilnehmern im Laufe Mai 2024 ausschließlich per E-Mail mitgeteilt.</p>
<p><strong>&#8211; Wann wird es die Preisverleihung geben?</strong><br />
Die Preisverleihung des 2000 € Preises und der Laureaten finden im September 2024 in LaChambre in Straßburg im Rahmen der Vernissage der Ausstellung statt (Genauer Termin wird noch bekannt gegeben). Die Ausstellung wird im Rahmen der Architekturtage 2024 stattfinden(September-Oktober 2024).</p>

<p>Die Bewerbungen für die Ausgabe 2024 sind eröffnet! Beantworten Sie das Thema „Baustelle Architektur“ bis zum 31. Mai 2024 Das Thema der diesjährigen Architekturtage und von Archifoto lautet Baustelle Architektur. Die Baustelle ist eine der Zeiten der Architektur und steht für Bewegung und sogar für &hellip;</p>
